se
Is 53813 a multiple of 14?
False
Does 45 divide 942?
False
Does 99 divide 2673?
True
Is 10 a factor of 470?
True
Is 1530 a multiple of 90?
True
Is 82 a factor of 1575?
False
Is 12 a factor of 1830?
False
Is 252 a multiple of 84?
True
Is 169 a factor of 38912?
False
Does 14 divide 910?
True
Does 5 divide 5945?
True
Is 9 a factor of 38859?
False
Does 5 divide 10500?
True
Is 18771 a multiple of 133?
False
Does 25 divide 3222?
False
Is 14103 a multiple of 112?
False
Does 82 divide 4384?
False
Is 4 a factor of 2213?
False
Is 31 a factor of 1240?
True
Does 2 divide 2400?
True
Does 17 divide 30880?
False
Is 9496 a multiple of 25?
False
Is 27 a factor of 14283?
True
Does 16 divide 3306?
False
Does 30 divide 3180?
True
Does 135 divide 7695?
True
Is 3 a factor of 1389?
True
Is 8338 a multiple of 8?
False
Is 760 a multiple of 5?
True
Is 3696 a multiple of 90?
False
Is 18286 a multiple of 12?
False
Is 9 a multiple of 2?
False
Does 16 divide 1330?
False
Is 12 a factor of 480?
True
Is 44892 a multiple of 12?
True
Is 342 a factor of 1501?
False
Is 609 a multiple of 7?
True
Does 5 divide 275?
True
Does 2 divide 2773?
False
Is 756 a multiple of 12?
True
Does 13 divide 917?
False
Is 10 a factor of 113571?
False
Is 46 a factor of 8004?
True
Is 23 a factor of 253?
True
Is 874 a multiple of 6?
False
Does 3 divide 144?
True
Does 30 divide 4684?
False
Is 63 a factor of 6923?
False
Is 534 a multiple of 89?
True
Is 69 a multiple of 24?
False
Does 9 divide 14843?
False
Is 84 a factor of 6639?
False
Does 23 divide 414?
True
Is 65 a factor of 930?
False
Does 43 divide 6278?
True
Is 98532 a multiple of 18?
True
Is 1181 a multiple of 11?
False
Is 89 a factor of 3026?
True
Is 11 a factor of 1649?
False
Is 44 a factor of 7920?
True
Is 26 a factor of 11667?
False
Does 4 divide 636?
True
Does 121 divide 6897?
True
Is 10 a factor of 744?
False
Is 4375 a multiple of 24?
False
Is 2646 a multiple of 98?
True
Does 4 divide 32?
True
Is 16 a factor of 275?
False
Is 1292 a multiple of 38?
True
Does 5 divide 300?
True
Is 6 a factor of 1857?
False
Does 22 divide 1020?
False
Is 677 a multiple of 9?
False
Is 1995 a multiple of 95?
True
Does 2 divide 10292?
True
Is 5219 a multiple of 71?
False
Does 13 divide 17945?
False
Is 348 a multiple of 12?
True
Does 31 divide 264?
False
Is 6721 a multiple of 13?
True
Does 3 divide 2412?
True
Is 29281 a multiple of 47?
True
Does 19 divide 136401?
True
Is 310 a multiple of 31?
True
Is 11 a factor of 1247?
False
Is 19796 a multiple of 14?
True
Is 8439 a multiple of 97?
True
Is 97 even?
False
Is 335 a multiple of 67?
True
Does 173 divide 6404?
False
Does 4 divide 2569?
False
Does 23 divide 445?
False
Is 2078 a multiple of 25?
False
Does 31 divide 4715?
False
Is 6 a factor of 2940?
True
Is 27 a factor of 378?
True
Does 33 divide 1980?
True
Is 8201 a multiple of 139?
True
Is 26788 a multiple of 50?
False
Is 2 a factor of 57?
False
Is 15 a factor of 138?
False
Is 6717 a multiple of 43?
False
Does 82 divide 4135?
False
Is 13 a factor of 20019?
False
Does 138 divide 9777?
False
Is 132 a factor of 17324?
False
Is 95 a multiple of 5?
True
Is 37 a factor of 91947?
False
Is 962 a multiple of 37?
True
Is 165 a factor of 5115?
True
Is 231 a multiple of 25?
False
Does 7 divide 70?
True
Is 2007 a multiple of 9?
True
Does 227 divide 8853?
True
Does 7 divide 5166?
True
Is 43 a factor of 1383?
False
Is 47 a factor of 1312?
False
Does 12 divide 731?
False
Is 54 a factor of 5184?
True
Is 6 a factor of 1098?
True
Is 42828 a multiple of 43?
True
Is 4 a factor of 11780?
True
Is 11 a factor of 4122?
False
Is 2 a factor of 142?
True
Does 13 divide 247?
True
Is 1495 a multiple of 12?
False
Does 103 divide 432?
False
Is 6286 a multiple of 35?
False
Is 13189 a multiple of 70?
False
Does 22 divide 436?
False
Is 29616 a multiple of 24?
True
Is 16 a factor of 48?
True
Does 58 divide 72498?
False
Is 1330 a multiple of 35?
True
Is 7488 a multiple of 234?
True
Does 12 divide 264?
True
Is 648 a multiple of 27?
True
Does 71 divide 142?
True
Is 1218 a multiple of 29?
True
Is 253 a multiple of 55?
False
Does 8 divide 296?
True
Is 100 a multiple of 14?
False
Does 12 divide 45108?
True
Is 12 a factor of 1056?
True
Does 4 divide 3252?
True
Does 9 divide 1728?
True
Is 382 a multiple of 5?
False
Is 164 a multiple of 41?
True
Does 7 divide 150?
False
Is 1717 a multiple of 24?
False
Is 303 a multiple of 101?
True
Is 22 a factor of 980?
False
Is 19 a factor of 858?
False
Is 973 a multiple of 14?
False
Is 9 a factor of 121?
False
Is 8 a factor of 6730?
False
Does 85 divide 932?
False
Is 100 a factor of 1600?
True
Is 3 a factor of 131?
False
Is 42396 a multiple of 44?
False
Is 142 a factor of 3864?
False
Is 37 a factor of 2491?
False
Is 9 a factor of 6489?
True
Does 232 divide 10155?
False
Is 23 a factor of 183?
False
Does 25 divide 294?
False
Does 13 divide 13234?
True
Is 1300 a multiple of 65?
True
Does 11 divide 15400?
True
Is 21 a factor of 3065?
False
Is 557 a multiple of 13?
False
Is 34 a factor of 1557?
False
Is 25 a factor of 53150?
True
Is 5180 a multiple of 50?
False
Is 20316 a multiple of 22?
False
Is 7944 a multiple of 5?
False
Does 30 divide 1770?
True
Does 15 divide 2985?
True
Does 8 divide 688?
True
Does 11 divide 25989?
False
Is 113638 a multiple of 14?
True
Is 899 a multiple of 31?
True
Is 2548 a multiple of 7?
True
Is 321 a multiple of 8?
False
Is 57 a factor of 5543?
False
Does 2 divide 982?
True
Does 50 divide 3300?
True
Is 18252 a multiple of 26?
True
Is 10 a factor of 206?
False
Does 19 divide 585?
False
Is 3096 a multiple of 71?
False
Does 73 divide 10784?
False
Is 7 a factor of 735?
True
Does 39 divide 4336?
False
Is 3 a factor of 148?
False
Is 2107 a multiple of 28?
False
Does 29 divide 105?
False
Does 14 divide 180?
False
Does 8 divide 7197?
False
Is 15057 a multiple of 7?
True
Is 150 a multiple of 25?
True
Is 702 a multiple of 4?
False
Is 476 a multiple of 17?
True
Is 639 a multiple of 71?
True
Is 246 a factor of 35747?
False
Is 7392 a multiple of 77?
True
Is 8959 a multiple of 17?
True
Does 5 divide 138?
False
Is 5747 a multiple of 25?
False
Is 150 a multiple of 10?
True
Is 6 a factor of 864?
True
Is 577 a multiple of 86?
False
Is 9450 a multiple of 25?
True
Does 16 divide 1749?
False
Does 28 divide 5488?
True
Does 9 divide 972?
True
Is 19049 a multiple of 16?
False
Is 4 a factor of 5978?
False
Is 7 a factor of 27665?
False
Is 10 a factor of 500?
True
Does 34 divide 9044?
True
Does 40 divide 1055?
False
Is 257 a factor of 38236?
False
Is 15 a factor of 90?
True
Does 200 divide 10355?
False
Does 3 divide 36?
True
Does 18 divide 1728?
True
Is 3440 a multiple of 43?
True
Is 83 a factor of 1185?
False
Is 37 a factor of 4138?
False
Is 193 a factor of 61374?
True
Is 420 a multiple of 14?
True
Is 4444 a multiple of 67?
False
Is 6760 a multiple of 26?
True
Is 22 a factor of 1168?
False
Is 5 a factor of 1383?
False
Is 9 a factor of 12384?
True
Is 135 a multiple of 3?
True
Is 108214 a multiple of 83?
False
Does 23 divide 5101?
False
Is 42 a factor of 403?
False
Does 2 divide 510?
True
Is 80 a factor of 1920?
True
Is 21148 a multiple of 67?
False
Does 12 divide 3120?
True
Is 18 a factor of 30924?
True
Is 18 a factor of 3793?
False
Is 11 a factor of 2285?
False
Is 73968 a multiple of 23?
True
Is 178 a factor of 4225?
False
Is 575 a multiple of 2?
False
Is 5043 a multiple of 123?
True
Is 1456 a multiple of 91?
True
Does 85 divide 83621?
False
Is 3 a factor of 523?
False
Does 26 divide 869?
False
Is 73140 a multiple of 53?
True
Does 23 divide 8809?
True
Does 43 divide 121923?
False
Is 14 a factor of 1471?
False
Is 2293 a multiple of 7?
False
Does 15 divide 12923?
False
Does 44 divide 1936?
True
Is 13176 a multiple of 18?
True
Does 8 divide 8348?
False
Does 136 divide 41244?
False
Is 52322 a multiple of 111?
False
Is 83 a factor of 6007?
False
Does 119 divide 12614?
True
Is 783 a multiple of 14?
False
Is 32 a factor of 352?
True
Is 134666 a multiple of 340?
False
Does 7 divide 1253?
True
Is 24209 a multiple of 12?
False
Is 14850 a multiple of 66?
True
Is 18 a factor of 17478?
True
Is 105636 a multiple of 28?
False
Does 5 divide 39?
False
Is 12 a factor of 40289?
False
Is 20 a multiple of 7?
False
Does 79 divide 26303?
False
Does 3 divide 128?
False
Is 761 a multiple of 21?
False